 + c, 4*c - 1776 = -j. What are the prime factors of j?
2, 443
Suppose -3338 = -9*f + 1405. What are the prime factors of f?
17, 31
Suppose 4*u - 5*z - 640 = 0, -3*z - 320 = -2*u - 0*z. Let f = 224 - u. List the prime factors of f.
2
Suppose d = 2*v - 1275, 3*v - 9*d = -7*d + 1912. List the prime factors of v.
2, 11, 29
Let g = 25 + -16. List the prime factors of 2/g - ((-588)/27)/1.
2, 11
Suppose -3*g - 2*m + 1871 = 0, -2*g + 1819 = -5*m + 578. List the prime factors of g.
7, 89
Let z = -3 - -8. Suppose -5*t + 3*w + 34 = -296, 5*t - z*w - 340 = 0. Suppose -t = -3*l + 81. List the prime factors of l.
2, 3
Suppose -4*z - z = 3*s - 195, 3*s + 141 = 3*z. Let i(h) = 5*h + 1. Let p be i(7). Suppose 3*q = p + z. What are the prime factors of q?
2, 13
Suppose 4*i - 2*t - 210 = 0, 5*t - 245 = -3*i - i. Let w = i + -20. Suppose 0 = 4*v - 4, -s + w = -0*s + 3*v. What are the prime factors of s?
2
List the prime factors of (-6 + (-1985)/20)/((-2)/8).
421
Let d(w) be the first derivative of -w**5/30 + 7*w**4/12 - 4*w**3 + 12. Let i(y) be the third derivative of d(y). What are the prime factors of i(-8)?
2, 23
Suppose 4*p + 24 = 8. Let j(m) = -m**2 - 9*m - 13. Let n be j(-2). What are the prime factors of 17 - n*p/2?
19
Let k(y) = 2*y**2 + 13*y - 6. Let v be k(-14). Suppose -9*r = -201 - v. What are the prime factors of r?
3, 5
Suppose -7*i = -3*i - 16. Suppose 11 + 97 = -i*l. Let f = l + 63. List the prime factors of f.
2, 3
Let u(v) = 376*v + 9. List the prime factors of u(1).
5, 7, 11
Suppose -2*n + 3 = -5. Suppose -n*d + f + 0*f + 16 = 0, f = 5*d - 20. Let s = 29 - d. What are the prime factors of s?
5
Let g be 1323/5 - (-6)/15. Let p = g + -159. Suppose 5*t - 9 = p. List the prime factors of t.
23
Suppose 6 = 3*j, -8*f - 2743 + 14829 = 3*j. What are the prime factors of f?
2, 5, 151
List the prime factors of 1/((-6)/2388)*(-27)/6.
3, 199
Suppose 25*y - 708 = 292. Suppose 3*t - 460 = -2*t. Suppose -332 = -5*i + 5*n - t, -i = n - y. What are the prime factors of i?
2, 11
Let i = 6850 + -3934. What are the prime factors of i?
2, 3
Suppose 5*x = 5*w - 50, 1 = -2*x + 5*w - 7. What are the prime factors of (-4)/x + (-655)/(-35)?
19
Let u = 1031 + -475. What are the prime factors of u?
2, 139
Let p = -11 - -15. Let n(u) = -u**3 + 6*u**2 - 4*u + 1. Let j be n(p). Suppose 5*v = -w + j, 22 = 4*v - 5*w - 9. What are the prime factors of v?
2
Let f(y) be the first derivative of 5*y**2/2 - 10. List the prime factors of f(6).
2, 3, 5
Let o = 790 - 333. List the prime factors of o.
457
Let q(m) = m**3 + 5*m**2 - 2*m - 5. Let z be q(-5). Let j be z + -1*(1 - 4). What are the prime factors of 2/j*4 - -24?
5
Let c(i) = -5*i - 7. Let r = -6 + 13. Let u be c(r). Let p = u + 66. List the prime factors of p.
2, 3
Let v(y) = -4*y + 15. Let s be v(21). Let j = 116 + s. List the prime factors of j.
47
Suppose 5*p - 3*q - 1220 = 0, 8*p - 3*q = 7*p + 244. What are the prime factors of p?
2, 61
What are the prime factors of (-9 - 28)/(4/16*-2)?
2, 37
Suppose 3*r + 14028 = 10*r. Suppose r = 5*x + 7*x. List the prime factors of x.
167
Let n = 1138 - 928. List the prime factors of n.
2, 3, 5, 7
Suppose -1 + 26 = 5*o, -49 = -3*f - 5*o. Let v(m) = m**3 + 7*m - 9*m**2 - 4 + f*m + 0*m**3 - 4*m. List the prime factors of v(8).
2, 5
Let g be ((-21)/(-6))/((-1)/406). What are the prime factors of -4*(6/(-4) - g/(-28))?
11, 19
Let f(r) = -r**3 + 6*r**2 + 6*r + 4. Suppose s - i + 32 = 6*s, 14 = 4*s - 5*i. What are the prime factors of f(s)?
2, 5
Let z = -10 - -13. Suppose z*i - 32 = -5*f, f = 5*i - 2*f - 8. Suppose 4*b = 0, i*b + 12 + 13 = 5*p. What are the prime factors of p?
5
Suppose 8*k - 3*k - 4*f = 24, -5 = -k + f. Let d(z) = -4*z**3 - z**2 - 2*z - 5. Let n be d(-2). Suppose k*u - n = 25. List the prime factors of u.
13
Let x = 2199 - 1021. List the prime factors of x/10 - (-2)/10.
2, 59
Suppose -x + 5*c + 3 = 0, 2*c - 10 = -x - 0*x. Suppose x*n - 1309 = -3*n. What are the prime factors of n?
7, 17
Suppose 5*c - 2*h + 3*h = 9582, 7680 = 4*c - 4*h. What are the prime factors of c?
3, 71
Let l be ((-988)/8 - 4)*8/(-10). List the prime factors of 2/4*-3*(-12 - l).
3, 19
Let l = 6 - 2. Let a = l - 25. What are the prime factors of (2/2)/((-3)/a)?
7
Suppose -n - n = -324. Suppose 2*k = -3*f + n + 18, -4*k = -f + 60. List the prime factors of f.
2, 3, 5
Suppose 2*u = 4*h - 18, 9 = 4*h + 5*u - 16. Suppose 4*m = h*m + 13. Let y = m + 32. What are the prime factors of y?
19
Suppose 3*j + 1359 = 4*j. What are the prime factors of j?
3, 151
Let i(x) = 5*x**2 + 8*x - 33. What are the prime factors of i(6)?
3, 5, 13
Let x(h) = -2*h**3 + 6*h**2 - 4*h + 20. Let u(j) = -j**3 + 4*j**2 - 3*j + 13. Let o(t) = 8*u(t) - 5*x(t). List the prime factors of o(3).
2
Let o be -3 - ((-1 - -2) + -41). Let g = o - 22. Suppose g = -2*a + 73. List the prime factors of a.
29
Suppose -5*y - 3537 = -14*y. What are the prime factors of y?
3, 131
Let g = -41 - -41. Let z(n) = -n**3 - n + 97. List the prime factors of z(g).
97
Suppose -5*o = -2*o. Suppose -2*p - p - 2*a = 10, 2*p - 4*a + 28 = o. List the prime factors of ((-4)/p)/(2/33).
11
Let i(h) = 3*h**3 - 24*h**2 + 19*h - 12. List the prime factors of i(10).
2, 389
Let l(a) be the second derivative of 0 - 8*a + 2*a**2 - 1/6*a**3. What are the prime factors of l(-7)?
11
Let y = 46 - -30. Suppose -368 - y = -3*b. What are the prime factors of b?
2, 37
Let p(z) = -z + 6. Let d be p(3). Let s = -1 + d. List the prime factors of (s/(-5))/(2/(-120)).
2, 3
Suppose 2*u - 3*m - 263 = 0, -4*u - 4*m + 5*m = -531. Let t = -36 + u. List the prime factors of t.
97
Let t(x) = 5*x**3 + 2*x**2 - 2*x + 5. Let d be t(3). Suppose 2*v = 3*p + d, -6*v + 5*p = -2*v - 308. List the prime factors of v.
2, 41
Suppose 4 = -u + 8. Suppose q + 3*d = 43, 103 + 33 = u*q + 3*d. List the prime factors of q.
31
Suppose -4*k + 2*j + 204 = 0, 2*k + 4*j - 57 - 35 = 0. Let a = -26 + k. Suppose -3*g - g = -a. What are the prime factors of g?
2, 3
List the prime factors of (-920)/(-25)*(-800)/(-5).
2, 23
Let g be (37/(-3))/((-12)/36). Let i = -29 + g. What are the prime factors of i?
2
Suppose -45*m + 157215 = 6600. What are the prime factors of m?
3347
Let h(j) = j**2 + 14*j - 41. Let y be h(-17). Suppose -y*c = -14*c + 844. What are the prime factors of c?
211
Let f(s) = 48*s - 56. What are the prime factors of f(12)?
2, 5, 13
Let r = -164 + 228. List the prime factors of r.
2
Let l be 0 + 1/((-5)/(-390)). Suppose -4*r = 18 - l. What are the prime factors of r?
3, 5
What are the prime factors of 41 + -1 + -1 - -5 - -4?
2, 3
Let r = 259 + -255. What are the prime factors of r?
2
Suppose 5*q - 1040 = -245. Let p = q + -113. Suppose 20 + p = 3*u. List the prime factors of u.
2, 11
Let q be -1*6/10*(-1 + -14). Suppose -225 = -2*h - q. List the prime factors of h.
2, 3
Suppose 3*a - 777 = 111. Let d = a - 171. What are the prime factors of d?
5
Suppose 0 = -5*c + 7*c - 1192. Suppose -4*a + 5*h + c = h, -429 = -3*a - 3*h. Let u = a - 88. List the prime factors of u.
2, 29
Suppose -5*f = -0*f. Let w be 0 + (-4)/12*f. Suppose w*v - 3*v = -39. What are the prime factors of v?
13
Let a(h) = -2*h**3 + 30*h**2 + 7*h - 4. Let o be 3/2*(-20)/(2 - 4). List the prime factors of a(o).
101
Let q(b) = 2866*b**2 + 9*b + 7. List the prime factors of q(-1).
2, 179
Let v(d) = 3*d**2 + 64*d - 96. List the prime factors of v(29).
4283
Let w = -276 + 450. Suppose 14*l - w = 11*l. List the prime factors of l.
2, 29
Let q = 2690 - 139. What are the prime factors of q?
2551
Let o be 4 + -8 + 0 + 2. Let h(n) = n**3 + 4*n**2 + 4*n + 2. Let a be h(o). Suppose 2*g = -y + 116, -a*y + 5*y = 0. List the prime factors of g.
2, 29
Let q(a) = 127*a + 2581. What are the prime factors of q(0)?
29, 89
Suppose 2*v - 535 = 1293. What are the prime factors of v?
2, 457
Let x be 1 + -1 - 0/1. Let u(f) = f**3 + f**2 + 40. List the prime factors of u(x).
2, 5
Suppose -n - 4 = 2*j, -3*j + n = -2*j - 4. Let h be j/(-1*(-2 + 3)). Suppose h = 2*f - 15 - 3. What are the prime factors of f?
3
Let n(c) = 138*c + 7. Let m be -2*((-5)/10 + 0). What are the prime factors of n(m)?
5, 29
Suppose 3*h + 204 = 8*h - 3*y, 4*y = -2*h + 66. Let o = h - -91. Suppose 74 = 6*w - o. List the prime factors of w.
2, 17
Let r(a) = a**3 + 7*a**2 + 3*a + 6. Suppose -13 = w